{"id":1112,"date":"2025-04-22T11:58:56","date_gmt":"2025-04-22T11:58:56","guid":{"rendered":"https:\/\/www.josefschule-gladbeck.de\/?page_id=1112"},"modified":"2026-04-22T12:24:53","modified_gmt":"2026-04-22T10:24:53","slug":"einschulung-2025-26","status":"publish","type":"page","link":"https:\/\/www.josefschule-gladbeck.de\/index.php\/einschulung-2025-26\/","title":{"rendered":"Einschulung 2026\/27"},"content":{"rendered":"\t\t<div data-elementor-type=\"wp-page\" data-elementor-id=\"1112\" class=\"elementor elementor-1112\" data-elementor-post-type=\"page\">\n\t\t\t\t<div class=\"elementor-element elementor-element-69b330c e-flex e-con-boxed e-con e-parent\" data-id=\"69b330c\" data-element_type=\"container\" data-e-type=\"container\">\n\t\t\t\t\t<div class=\"e-con-inner\">\n\t\t\t\t<div class=\"elementor-element elementor-element-4d283dd elementor-widget elementor-widget-heading\" data-id=\"4d283dd\" data-element_type=\"widget\" data-e-type=\"widget\" data-widget_type=\"heading.default\">\n\t\t\t\t<div class=\"elementor-widget-container\">\n\t\t\t\t\t<h3 class=\"elementor-heading-title elementor-size-default\">Einschulung 2026\/27<\/h3>\t\t\t\t<\/div>\n\t\t\t\t<\/div>\n\t\t\t\t<div class=\"elementor-element elementor-element-74d96df elementor-widget__width-inherit elementor-widget elementor-widget-image\" data-id=\"74d96df\" data-element_type=\"widget\" data-e-type=\"widget\" data-widget_type=\"image.default\">\n\t\t\t\t<div class=\"elementor-widget-container\">\n\t\t\t\t\t\t\t\t\t\t\t\t\t\t\t<img fetchpriority=\"high\" decoding=\"async\" width=\"768\" height=\"576\" src=\"https:\/\/www.josefschule-gladbeck.de\/wp-content\/uploads\/2025\/07\/offene-tuer-768x576.png\" class=\"attachment-medium_large size-medium_large wp-image-2054\" alt=\"\" srcset=\"https:\/\/www.josefschule-gladbeck.de\/wp-content\/uploads\/2025\/07\/offene-tuer-768x576.png 768w, https:\/\/www.josefschule-gladbeck.de\/wp-content\/uploads\/2025\/07\/offene-tuer-300x225.png 300w, https:\/\/www.josefschule-gladbeck.de\/wp-content\/uploads\/2025\/07\/offene-tuer.png 1008w\" sizes=\"(max-width: 768px) 100vw, 768px\" \/>\t\t\t\t\t\t\t\t\t\t\t\t\t\t\t<\/div>\n\t\t\t\t<\/div>\n\t\t<div class=\"elementor-element elementor-element-690d46b e-con-full e-flex e-con e-child\" data-id=\"690d46b\" data-element_type=\"container\" data-e-type=\"container\">\n\t\t\t\t<\/div>\n\t\t\t\t<div class=\"elementor-element elementor-element-69c58fb elementor-widget elementor-widget-text-editor\" data-id=\"69c58fb\" data-element_type=\"widget\" data-e-type=\"widget\" data-widget_type=\"text-editor.default\">\n\t\t\t\t<div class=\"elementor-widget-container\">\n\t\t\t\t\t\t\t\t\t<div><p>Montag, 29.6.2026:\u00a0<strong>Infoabend f\u00fcr Eltern<\/strong><\/p><\/div><div><p>Wir m\u00f6chten Sie \u00fcber wichtige Themen rund um den Schulbeginn im Sommer informieren.<\/p><\/div>\t\t\t\t\t\t\t\t<\/div>\n\t\t\t\t<\/div>\n\t\t\t\t<div class=\"elementor-element elementor-element-18b1df9 elementor-widget elementor-widget-text-editor\" data-id=\"18b1df9\" data-element_type=\"widget\" data-e-type=\"widget\" data-widget_type=\"text-editor.default\">\n\t\t\t\t<div class=\"elementor-widget-container\">\n\t\t\t\t\t\t\t\t\t<div><p class=\"Text\">Montag, 6.7.2026: <strong>Schnuppervormittag f\u00fcr Kinder<\/strong><\/p><\/div><div><p class=\"Text\">Lerne deine Lehrerin und deinen Klassenraum kennen und komme mit deinen Eltern oder Erzieher*innen.<\/p><\/div>\t\t\t\t\t\t\t\t<\/div>\n\t\t\t\t<\/div>\n\t\t\t\t<div class=\"elementor-element elementor-element-3b5ea4f elementor-widget elementor-widget-text-editor\" data-id=\"3b5ea4f\" data-element_type=\"widget\" data-e-type=\"widget\" data-widget_type=\"text-editor.default\">\n\t\t\t\t<div class=\"elementor-widget-container\">\n\t\t\t\t\t\t\t\t\t<div>\n<p class=\"Text\">Donnerstag, 3.9.2026: <strong>Einschulung<\/strong><\/p>\n<\/div>\n<div>\n<p class=\"Text\">\n<\/p><\/div>\t\t\t\t\t\t\t\t<\/div>\n\t\t\t\t<\/div>\n\t\t<div class=\"elementor-element elementor-element-2ebd1b3 e-con-full e-flex e-con e-child\" data-id=\"2ebd1b3\" data-element_type=\"container\" data-e-type=\"container\">\n\t\t\t\t<\/div>\n\t\t\t\t\t<\/div>\n\t\t\t\t<\/div>\n\t\t\t\t<\/div>\n\t\t","protected":false},"excerpt":{"rendered":"<p>Einschulung 2026\/27 Montag, 29.6.2026:\u00a0Infoabend f\u00fcr Eltern Wir m\u00f6chten Sie \u00fcber wichtige Themen rund um den Schulbeginn im Sommer informieren. Montag, 6.7.2026: Schnuppervormittag f\u00fcr Kinder Lerne deine Lehrerin und deinen Klassenraum kennen und komme mit deinen Eltern oder Erzieher*innen. Donnerstag, 3.9.2026: Einschulung<\/p>\n","protected":false},"author":2,"featured_media":0,"parent":0,"menu_order":0,"comment_status":"closed","ping_status":"closed","template":"","meta":{"footnotes":""},"class_list":["post-1112","page","type-page","status-publish","hentry"],"_links":{"self":[{"href":"https:\/\/www.josefschule-gladbeck.de\/index.php\/wp-json\/wp\/v2\/pages\/1112","targetHints":{"allow":["GET"]}}],"collection":[{"href":"https:\/\/www.josefschule-gladbeck.de\/index.php\/wp-json\/wp\/v2\/pages"}],"about":[{"href":"https:\/\/www.josefschule-gladbeck.de\/index.php\/wp-json\/wp\/v2\/types\/page"}],"author":[{"embeddable":true,"href":"https:\/\/www.josefschule-gladbeck.de\/index.php\/wp-json\/wp\/v2\/users\/2"}],"replies":[{"embeddable":true,"href":"https:\/\/www.josefschule-gladbeck.de\/index.php\/wp-json\/wp\/v2\/comments?post=1112"}],"version-history":[{"count":77,"href":"https:\/\/www.josefschule-gladbeck.de\/index.php\/wp-json\/wp\/v2\/pages\/1112\/revisions"}],"predecessor-version":[{"id":2304,"href":"https:\/\/www.josefschule-gladbeck.de\/index.php\/wp-json\/wp\/v2\/pages\/1112\/revisions\/2304"}],"wp:attachment":[{"href":"https:\/\/www.josefschule-gladbeck.de\/index.php\/wp-json\/wp\/v2\/media?parent=1112"}],"curies":[{"name":"wp","href":"https:\/\/api.w.org\/{rel}","templated":true}]}}

<div data-elementor-type="wp-page" data-elementor-id="1112" class="elementor elementor-1112" data-elementor-post-type="page">
				<div class="elementor-element elementor-element-69b330c e-flex e-con-boxed e-con e-parent" data-id="69b330c" data-element_type="container" data-e-type="container">
					<div class="e-con-inner">
				<div class="elementor-element elementor-element-4d283dd elementor-widget elementor-widget-heading" data-id="4d283dd" data-element_type="widget" data-e-type="widget" data-widget_type="heading.default">
				<div class="elementor-widget-container">
					<h3 class="elementor-heading-title elementor-size-default">Einschulung 2026/27</h3>				</div>
				</div>
				<div class="elementor-element elementor-element-74d96df elementor-widget__width-inherit elementor-widget elementor-widget-image" data-id="74d96df" data-element_type="widget" data-e-type="widget" data-widget_type="image.default">
				<div class="elementor-widget-container">
															<img fetchpriority="high" decoding="async" width="768" height="576" src="https://www.josefschule-gladbeck.de/wp-content/uploads/2025/07/offene-tuer-768x576.png" class="attachment-medium_large size-medium_large wp-image-2054" alt="" srcset="https://www.josefschule-gladbeck.de/wp-content/uploads/2025/07/offene-tuer-768x576.png 768w, https://www.josefschule-gladbeck.de/wp-content/uploads/2025/07/offene-tuer-300x225.png 300w, https://www.josefschule-gladbeck.de/wp-content/uploads/2025/07/offene-tuer.png 1008w" sizes="(max-width: 768px) 100vw, 768px" />															</div>
				</div>
		<div class="elementor-element elementor-element-690d46b e-con-full e-flex e-con e-child" data-id="690d46b" data-element_type="container" data-e-type="container">
				</div>
				<div class="elementor-element elementor-element-69c58fb elementor-widget elementor-widget-text-editor" data-id="69c58fb" data-element_type="widget" data-e-type="widget" data-widget_type="text-editor.default">
				<div class="elementor-widget-container">
									<div><p>Montag, 29.6.2026: <strong>Infoabend für Eltern</strong></p></div><div><p>Wir möchten Sie über wichtige Themen rund um den Schulbeginn im Sommer informieren.</p></div>								</div>
				</div>
				<div class="elementor-element elementor-element-18b1df9 elementor-widget elementor-widget-text-editor" data-id="18b1df9" data-element_type="widget" data-e-type="widget" data-widget_type="text-editor.default">
				<div class="elementor-widget-container">
									<div><p class="Text">Montag, 6.7.2026: <strong>Schnuppervormittag für Kinder</strong></p></div><div><p class="Text">Lerne deine Lehrerin und deinen Klassenraum kennen und komme mit deinen Eltern oder Erzieher*innen.</p></div>								</div>
				</div>
				<div class="elementor-element elementor-element-3b5ea4f elementor-widget elementor-widget-text-editor" data-id="3b5ea4f" data-element_type="widget" data-e-type="widget" data-widget_type="text-editor.default">
				<div class="elementor-widget-container">
									<div>
<p class="Text">Donnerstag, 3.9.2026: <strong>Einschulung</strong></p>
</div>
<div>
<p class="Text">
</p></div>								</div>
				</div>
		<div class="elementor-element elementor-element-2ebd1b3 e-con-full e-flex e-con e-child" data-id="2ebd1b3" data-element_type="container" data-e-type="container">
				</div>
					</div>
				</div>
				</div>

<p>Einschulung 2026/27 Montag, 29.6.2026: Infoabend für Eltern Wir möchten Sie über wichtige Themen rund um den Schulbeginn im Sommer informieren. Montag, 6.7.2026: Schnuppervormittag für Kinder Lerne deine Lehrerin und deinen Klassenraum kennen und komme mit deinen Eltern oder Erzieher*innen. Donnerstag, 3.9.2026: Einschulung</p>
