{"id":1123,"date":"2025-04-22T12:19:42","date_gmt":"2025-04-22T12:19:42","guid":{"rendered":"https:\/\/www.josefschule-gladbeck.de\/?page_id=1123"},"modified":"2025-06-02T22:22:35","modified_gmt":"2025-06-02T20:22:35","slug":"kirchenjahr","status":"publish","type":"page","link":"https:\/\/www.josefschule-gladbeck.de\/index.php\/kirchenjahr\/","title":{"rendered":"Kirchenjahr"},"content":{"rendered":"\t\t<div data-elementor-type=\"wp-page\" data-elementor-id=\"1123\" class=\"elementor elementor-1123\" data-elementor-post-type=\"page\">\n\t\t\t\t<div class=\"elementor-element elementor-element-e7a5b1d e-flex e-con-boxed e-con e-parent\" data-id=\"e7a5b1d\" data-element_type=\"container\" data-e-type=\"container\">\n\t\t\t\t\t<div class=\"e-con-inner\">\n\t\t\t\t<div class=\"elementor-element elementor-element-061e755 elementor-widget__width-inherit elementor-widget elementor-widget-heading\" data-id=\"061e755\" data-element_type=\"widget\" data-e-type=\"widget\" data-widget_type=\"heading.default\">\n\t\t\t\t<div class=\"elementor-widget-container\">\n\t\t\t\t\t<h3 class=\"elementor-heading-title elementor-size-default\">Unser Kirchenjahr<\/h3>\t\t\t\t<\/div>\n\t\t\t\t<\/div>\n\t\t\t\t<div class=\"elementor-element elementor-element-b6f9fd7 elementor-widget elementor-widget-text-editor\" data-id=\"b6f9fd7\" data-element_type=\"widget\" data-e-type=\"widget\" data-widget_type=\"text-editor.default\">\n\t\t\t\t<div class=\"elementor-widget-container\">\n\t\t\t\t\t\t\t\t\t<ul><li>Aschekreuz an Aschermittwoch<\/li><li>Ostergottesdienst<\/li><li>Beteiligung an der Aktion &#8222;Gladbeck geht den Kreuzweg&#8220;<\/li><li>Entlassgottesdienst<\/li><li>Segen zur Einschulung<\/li><li>Gro\u00dfe Feier zu St. Martin<\/li><li>W\u00f6chentliches Singen w\u00e4hrend der Adventszeit<\/li><li>Pl\u00e4tzchenbacken in der Vorweihnachtszeit<\/li><li>Weihnachtsgottesdienst<\/li><\/ul>\t\t\t\t\t\t\t\t<\/div>\n\t\t\t\t<\/div>\n\t\t\t\t<div class=\"elementor-element elementor-element-742a2e0 elementor-widget elementor-widget-image\" data-id=\"742a2e0\" data-element_type=\"widget\" data-e-type=\"widget\" data-widget_type=\"image.default\">\n\t\t\t\t<div class=\"elementor-widget-container\">\n\t\t\t\t\t\t\t\t\t\t\t\t\t\t\t<img fetchpriority=\"high\" decoding=\"async\" width=\"1024\" height=\"471\" src=\"https:\/\/www.josefschule-gladbeck.de\/wp-content\/uploads\/2025\/06\/steintuerme-neu-1024x471.png\" class=\"attachment-large size-large wp-image-1803\" alt=\"\" srcset=\"https:\/\/www.josefschule-gladbeck.de\/wp-content\/uploads\/2025\/06\/steintuerme-neu-1024x471.png 1024w, https:\/\/www.josefschule-gladbeck.de\/wp-content\/uploads\/2025\/06\/steintuerme-neu-300x138.png 300w, https:\/\/www.josefschule-gladbeck.de\/wp-content\/uploads\/2025\/06\/steintuerme-neu-768x353.png 768w, https:\/\/www.josefschule-gladbeck.de\/wp-content\/uploads\/2025\/06\/steintuerme-neu.png 1306w\" sizes=\"(max-width: 1024px) 100vw, 1024px\" \/>\t\t\t\t\t\t\t\t\t\t\t\t\t\t\t<\/div>\n\t\t\t\t<\/div>\n\t\t\t\t\t<\/div>\n\t\t\t\t<\/div>\n\t\t\t\t<\/div>\n\t\t","protected":false},"excerpt":{"rendered":"<p>Unser Kirchenjahr Aschekreuz an Aschermittwoch Ostergottesdienst Beteiligung an der Aktion &#8222;Gladbeck geht den Kreuzweg&#8220; Entlassgottesdienst Segen zur Einschulung Gro\u00dfe Feier zu St. Martin W\u00f6chentliches Singen w\u00e4hrend der Adventszeit Pl\u00e4tzchenbacken in der Vorweihnachtszeit Weihnachtsgottesdienst<\/p>\n","protected":false},"author":2,"featured_media":0,"parent":0,"menu_order":0,"comment_status":"closed","ping_status":"closed","template":"","meta":{"footnotes":""},"class_list":["post-1123","page","type-page","status-publish","hentry"],"_links":{"self":[{"href":"https:\/\/www.josefschule-gladbeck.de\/index.php\/wp-json\/wp\/v2\/pages\/1123","targetHints":{"allow":["GET"]}}],"collection":[{"href":"https:\/\/www.josefschule-gladbeck.de\/index.php\/wp-json\/wp\/v2\/pages"}],"about":[{"href":"https:\/\/www.josefschule-gladbeck.de\/index.php\/wp-json\/wp\/v2\/types\/page"}],"author":[{"embeddable":true,"href":"https:\/\/www.josefschule-gladbeck.de\/index.php\/wp-json\/wp\/v2\/users\/2"}],"replies":[{"embeddable":true,"href":"https:\/\/www.josefschule-gladbeck.de\/index.php\/wp-json\/wp\/v2\/comments?post=1123"}],"version-history":[{"count":40,"href":"https:\/\/www.josefschule-gladbeck.de\/index.php\/wp-json\/wp\/v2\/pages\/1123\/revisions"}],"predecessor-version":[{"id":1806,"href":"https:\/\/www.josefschule-gladbeck.de\/index.php\/wp-json\/wp\/v2\/pages\/1123\/revisions\/1806"}],"wp:attachment":[{"href":"https:\/\/www.josefschule-gladbeck.de\/index.php\/wp-json\/wp\/v2\/media?parent=1123"}],"curies":[{"name":"wp","href":"https:\/\/api.w.org\/{rel}","templated":true}]}}

<div data-elementor-type="wp-page" data-elementor-id="1123" class="elementor elementor-1123" data-elementor-post-type="page">
				<div class="elementor-element elementor-element-e7a5b1d e-flex e-con-boxed e-con e-parent" data-id="e7a5b1d" data-element_type="container" data-e-type="container">
					<div class="e-con-inner">
				<div class="elementor-element elementor-element-061e755 elementor-widget__width-inherit elementor-widget elementor-widget-heading" data-id="061e755" data-element_type="widget" data-e-type="widget" data-widget_type="heading.default">
				<div class="elementor-widget-container">
					<h3 class="elementor-heading-title elementor-size-default">Unser Kirchenjahr</h3>				</div>
				</div>
				<div class="elementor-element elementor-element-b6f9fd7 elementor-widget elementor-widget-text-editor" data-id="b6f9fd7" data-element_type="widget" data-e-type="widget" data-widget_type="text-editor.default">
				<div class="elementor-widget-container">
									<ul><li>Aschekreuz an Aschermittwoch</li><li>Ostergottesdienst</li><li>Beteiligung an der Aktion &#8222;Gladbeck geht den Kreuzweg&#8220;</li><li>Entlassgottesdienst</li><li>Segen zur Einschulung</li><li>Große Feier zu St. Martin</li><li>Wöchentliches Singen während der Adventszeit</li><li>Plätzchenbacken in der Vorweihnachtszeit</li><li>Weihnachtsgottesdienst</li></ul>								</div>
				</div>
				<div class="elementor-element elementor-element-742a2e0 elementor-widget elementor-widget-image" data-id="742a2e0" data-element_type="widget" data-e-type="widget" data-widget_type="image.default">
				<div class="elementor-widget-container">
															<img fetchpriority="high" decoding="async" width="1024" height="471" src="https://www.josefschule-gladbeck.de/wp-content/uploads/2025/06/steintuerme-neu-1024x471.png" class="attachment-large size-large wp-image-1803" alt="" srcset="https://www.josefschule-gladbeck.de/wp-content/uploads/2025/06/steintuerme-neu-1024x471.png 1024w, https://www.josefschule-gladbeck.de/wp-content/uploads/2025/06/steintuerme-neu-300x138.png 300w, https://www.josefschule-gladbeck.de/wp-content/uploads/2025/06/steintuerme-neu-768x353.png 768w, https://www.josefschule-gladbeck.de/wp-content/uploads/2025/06/steintuerme-neu.png 1306w" sizes="(max-width: 1024px) 100vw, 1024px" />															</div>
				</div>
					</div>
				</div>
				</div>

<p>Unser Kirchenjahr Aschekreuz an Aschermittwoch Ostergottesdienst Beteiligung an der Aktion &#8222;Gladbeck geht den Kreuzweg&#8220; Entlassgottesdienst Segen zur Einschulung Große Feier zu St. Martin Wöchentliches Singen während der Adventszeit Plätzchenbacken in der Vorweihnachtszeit Weihnachtsgottesdienst</p>
