{"id":1319,"date":"2025-05-10T11:42:58","date_gmt":"2025-05-10T11:42:58","guid":{"rendered":"https:\/\/www.josefschule-gladbeck.de\/?page_id=1319"},"modified":"2026-03-08T21:36:21","modified_gmt":"2026-03-08T20:36:21","slug":"betreuung","status":"publish","type":"page","link":"https:\/\/www.josefschule-gladbeck.de\/index.php\/betreuung\/","title":{"rendered":"Betreuung"},"content":{"rendered":"\t\t<div data-elementor-type=\"wp-page\" data-elementor-id=\"1319\" class=\"elementor elementor-1319\" data-elementor-post-type=\"page\">\n\t\t\t\t<div class=\"elementor-element elementor-element-92544e7 e-flex e-con-boxed e-con e-parent\" data-id=\"92544e7\" data-element_type=\"container\" data-e-type=\"container\">\n\t\t\t\t\t<div class=\"e-con-inner\">\n\t\t<div class=\"elementor-element elementor-element-048d8e3 e-con-full e-flex e-con e-child\" data-id=\"048d8e3\" data-element_type=\"container\" data-e-type=\"container\">\n\t\t\t\t<div class=\"elementor-element elementor-element-1c40311 elementor-widget elementor-widget-image\" data-id=\"1c40311\" data-element_type=\"widget\" data-e-type=\"widget\" data-widget_type=\"image.default\">\n\t\t\t\t<div class=\"elementor-widget-container\">\n\t\t\t\t\t\t\t\t\t\t\t\t\t\t\t\t<a href=\"https:\/\/schulen-gla.taskcards.app\/#\/board\/8ba19b26-3919-4db6-a551-1e169fe8ee98\/view?token=03b6d26b-8e73-4386-9f81-49c8195ab823\">\n\t\t\t\t\t\t\t<img fetchpriority=\"high\" decoding=\"async\" width=\"768\" height=\"457\" src=\"https:\/\/www.josefschule-gladbeck.de\/wp-content\/uploads\/2026\/03\/Bildschirmfoto-2026-03-08-um-21.27.43-768x457.png\" class=\"attachment-medium_large size-medium_large wp-image-2242\" alt=\"\" srcset=\"https:\/\/www.josefschule-gladbeck.de\/wp-content\/uploads\/2026\/03\/Bildschirmfoto-2026-03-08-um-21.27.43-768x457.png 768w, https:\/\/www.josefschule-gladbeck.de\/wp-content\/uploads\/2026\/03\/Bildschirmfoto-2026-03-08-um-21.27.43-300x178.png 300w, https:\/\/www.josefschule-gladbeck.de\/wp-content\/uploads\/2026\/03\/Bildschirmfoto-2026-03-08-um-21.27.43-1024x609.png 1024w, https:\/\/www.josefschule-gladbeck.de\/wp-content\/uploads\/2026\/03\/Bildschirmfoto-2026-03-08-um-21.27.43-1536x914.png 1536w, https:\/\/www.josefschule-gladbeck.de\/wp-content\/uploads\/2026\/03\/Bildschirmfoto-2026-03-08-um-21.27.43-2048x1218.png 2048w\" sizes=\"(max-width: 768px) 100vw, 768px\" \/>\t\t\t\t\t\t\t\t<\/a>\n\t\t\t\t\t\t\t\t\t\t\t\t\t\t\t<\/div>\n\t\t\t\t<\/div>\n\t\t\t\t<\/div>\n\t\t<div class=\"elementor-element elementor-element-b68f5d4 e-con-full e-flex e-con e-child\" data-id=\"b68f5d4\" data-element_type=\"container\" data-e-type=\"container\">\n\t\t\t\t<div class=\"elementor-element elementor-element-3658734 elementor-widget elementor-widget-text-editor\" data-id=\"3658734\" data-element_type=\"widget\" data-e-type=\"widget\" data-widget_type=\"text-editor.default\">\n\t\t\t\t<div class=\"elementor-widget-container\">\n\t\t\t\t\t\t\t\t\t<p><a href=\"https:\/\/schulen-gla.taskcards.app\/#\/board\/8ba19b26-3919-4db6-a551-1e169fe8ee98\/view?token=03b6d26b-8e73-4386-9f81-49c8195ab823\">Link zu einer Taskcard mit Infos zu den Betreuungsformen und aktuellen Eindr\u00fccken.<\/a><\/p>\t\t\t\t\t\t\t\t<\/div>\n\t\t\t\t<\/div>\n\t\t\t\t<\/div>\n\t\t\t\t\t<\/div>\n\t\t\t\t<\/div>\n\t\t<div class=\"elementor-element elementor-element-07da083 e-flex e-con-boxed e-con e-parent\" data-id=\"07da083\" data-element_type=\"container\" data-e-type=\"container\">\n\t\t\t\t\t<div class=\"e-con-inner\">\n\t\t\t\t<div class=\"elementor-element elementor-element-335bb28 elementor-widget elementor-widget-heading\" data-id=\"335bb28\" data-element_type=\"widget\" data-e-type=\"widget\" data-widget_type=\"heading.default\">\n\t\t\t\t<div class=\"elementor-widget-container\">\n\t\t\t\t\t<h3 class=\"elementor-heading-title elementor-size-default\">Unsere Betreuung<\/h3>\t\t\t\t<\/div>\n\t\t\t\t<\/div>\n\t\t\t\t<div class=\"elementor-element elementor-element-a305114 elementor-widget elementor-widget-text-editor\" data-id=\"a305114\" data-element_type=\"widget\" data-e-type=\"widget\" data-widget_type=\"text-editor.default\">\n\t\t\t\t<div class=\"elementor-widget-container\">\n\t\t\t\t\t\t\t\t\t<p>Unsere Schule bietet vielf\u00e4ltige Betreuungsformen, die sich an den Bed\u00fcrfnissen der Familien orientieren:<\/p>\n<p>In der Verl\u00e4sslichen Grundschule (VG) werden die Kinder bis zum Ende der 6. Stunde in einem separaten Raum betreut.<\/p>\n<p><\/p>\n<p>Die Offene Ganztagsschule (OGS) gibt es bei uns in zwei Formen:<\/p>\n<div>\u2022 In der rhythmisierten Ganztagsklasse sind Unterricht, Lernzeiten, Freizeitangebote und Mittagessen \u00fcber den ganzen Tag verteilt. Unterricht kann auch am Nachmittag stattfinden.<\/div>\n<div>\u2022 In der additiven OGS kommen die Kinder nach dem regul\u00e4ren Unterricht zusammen und werden in festen Gruppen betreut.<\/div>\n<div>&nbsp;<\/div>\n<div>In beiden Formen der OGS gibt es eine enge Zusammenarbeit zwischen Lehrkr\u00e4ften und p\u00e4dagogischem Personal. Lernzeiten und Hausaufgabenbetreuung sind fester Bestandteil. Im Nachmittag gibt es ein vielf\u00e4ltiges AG-Angebot f\u00fcr alle OGS Kinder.&nbsp;<\/div>\n<div>&nbsp;<\/div>\n<div>Eine zuverl\u00e4ssige Ferienbetreuung bieten wir an allen Ferientagen, Br\u00fcckentagen und schulfreien Tagen (z.\u202fB. p\u00e4dagogischen Tagen) an. Geschlossen ist nur zwischen Weihnachten und Neujahr sowie in den letzten drei Wochen der Sommerferien.<\/div>\t\t\t\t\t\t\t\t<\/div>\n\t\t\t\t<\/div>\n\t\t\t\t<div class=\"elementor-element elementor-element-7334feb elementor-widget elementor-widget-image\" data-id=\"7334feb\" data-element_type=\"widget\" data-e-type=\"widget\" data-widget_type=\"image.default\">\n\t\t\t\t<div class=\"elementor-widget-container\">\n\t\t\t\t\t\t\t\t\t\t\t\t\t\t\t<img decoding=\"async\" width=\"1024\" height=\"471\" src=\"https:\/\/www.josefschule-gladbeck.de\/wp-content\/uploads\/2025\/06\/steintuerme-neu-1024x471.png\" class=\"attachment-large size-large wp-image-1803\" alt=\"\" srcset=\"https:\/\/www.josefschule-gladbeck.de\/wp-content\/uploads\/2025\/06\/steintuerme-neu-1024x471.png 1024w, https:\/\/www.josefschule-gladbeck.de\/wp-content\/uploads\/2025\/06\/steintuerme-neu-300x138.png 300w, https:\/\/www.josefschule-gladbeck.de\/wp-content\/uploads\/2025\/06\/steintuerme-neu-768x353.png 768w, https:\/\/www.josefschule-gladbeck.de\/wp-content\/uploads\/2025\/06\/steintuerme-neu.png 1306w\" sizes=\"(max-width: 1024px) 100vw, 1024px\" \/>\t\t\t\t\t\t\t\t\t\t\t\t\t\t\t<\/div>\n\t\t\t\t<\/div>\n\t\t\t\t\t<\/div>\n\t\t\t\t<\/div>\n\t\t\t\t<\/div>\n\t\t","protected":false},"excerpt":{"rendered":"<p>Link zu einer Taskcard mit Infos zu den Betreuungsformen und aktuellen Eindr\u00fccken. Unsere Betreuung Unsere Schule bietet vielf\u00e4ltige Betreuungsformen, die sich an den Bed\u00fcrfnissen der Familien orientieren: In der Verl\u00e4sslichen Grundschule (VG) werden die Kinder bis zum Ende der 6. Stunde in einem separaten Raum betreut. Die Offene Ganztagsschule (OGS) gibt es bei uns in [&hellip;]<\/p>\n","protected":false},"author":2,"featured_media":0,"parent":0,"menu_order":0,"comment_status":"closed","ping_status":"closed","template":"","meta":{"footnotes":""},"class_list":["post-1319","page","type-page","status-publish","hentry"],"_links":{"self":[{"href":"https:\/\/www.josefschule-gladbeck.de\/index.php\/wp-json\/wp\/v2\/pages\/1319","targetHints":{"allow":["GET"]}}],"collection":[{"href":"https:\/\/www.josefschule-gladbeck.de\/index.php\/wp-json\/wp\/v2\/pages"}],"about":[{"href":"https:\/\/www.josefschule-gladbeck.de\/index.php\/wp-json\/wp\/v2\/types\/page"}],"author":[{"embeddable":true,"href":"https:\/\/www.josefschule-gladbeck.de\/index.php\/wp-json\/wp\/v2\/users\/2"}],"replies":[{"embeddable":true,"href":"https:\/\/www.josefschule-gladbeck.de\/index.php\/wp-json\/wp\/v2\/comments?post=1319"}],"version-history":[{"count":40,"href":"https:\/\/www.josefschule-gladbeck.de\/index.php\/wp-json\/wp\/v2\/pages\/1319\/revisions"}],"predecessor-version":[{"id":2254,"href":"https:\/\/www.josefschule-gladbeck.de\/index.php\/wp-json\/wp\/v2\/pages\/1319\/revisions\/2254"}],"wp:attachment":[{"href":"https:\/\/www.josefschule-gladbeck.de\/index.php\/wp-json\/wp\/v2\/media?parent=1319"}],"curies":[{"name":"wp","href":"https:\/\/api.w.org\/{rel}","templated":true}]}}