{"id":1928,"date":"2025-06-15T21:06:52","date_gmt":"2025-06-15T19:06:52","guid":{"rendered":"https:\/\/www.josefschule-gladbeck.de\/?page_id=1928"},"modified":"2025-06-15T22:23:21","modified_gmt":"2025-06-15T20:23:21","slug":"vorstand","status":"publish","type":"page","link":"https:\/\/www.josefschule-gladbeck.de\/index.php\/vorstand\/","title":{"rendered":"Vorstand"},"content":{"rendered":"\t\t<div data-elementor-type=\"wp-page\" data-elementor-id=\"1928\" class=\"elementor elementor-1928\" data-elementor-post-type=\"page\">\n\t\t\t\t<div class=\"elementor-element elementor-element-46ad0a2 e-con-full e-flex e-con e-parent\" data-id=\"46ad0a2\" data-element_type=\"container\" data-e-type=\"container\">\n\t\t\t\t<div class=\"elementor-element elementor-element-c7bea56 elementor-widget elementor-widget-heading\" data-id=\"c7bea56\" data-element_type=\"widget\" data-e-type=\"widget\" data-widget_type=\"heading.default\">\n\t\t\t\t<div class=\"elementor-widget-container\">\n\t\t\t\t\t<h3 class=\"elementor-heading-title elementor-size-default\">Vorstand<\/h3>\t\t\t\t<\/div>\n\t\t\t\t<\/div>\n\t\t\t\t<div class=\"elementor-element elementor-element-4e4cfac elementor-widget elementor-widget-text-editor\" data-id=\"4e4cfac\" data-element_type=\"widget\" data-e-type=\"widget\" data-widget_type=\"text-editor.default\">\n\t\t\t\t<div class=\"elementor-widget-container\">\n\t\t\t\t\t\t\t\t\t<p class=\"p1\">Wir engagieren uns im F\u00f6rderverein der Josefschule, weil wir glauben, dass Bildung nicht nur im&nbsp;<span style=\"font-family: var( --e-global-typography-text-font-family ), Sans-serif; text-align: var(--text-align); font-size: var(--wp--preset--font-size--medium);\">Klassenzimmer stattfindet. Wir sehen die Josefschule bereits als lebendige und engagierte Schule, die&nbsp;<\/span><span style=\"font-family: var( --e-global-typography-text-font-family ), Sans-serif; text-align: var(--text-align); font-size: var(--wp--preset--font-size--medium);\">wertvolle Impulse setzt und den Schulalltag mit viel Herz gestaltet. Mit unserem Einsatz m\u00f6chten wir&nbsp;<\/span><span style=\"font-family: var( --e-global-typography-text-font-family ), Sans-serif; text-align: var(--text-align); font-size: var(--wp--preset--font-size--medium);\">genau daran ankn\u00fcpfen \u2013 und dazu weiter beitragen, dass alle Kinder eine Grundschulzeit voller kleiner&nbsp;<\/span><span style=\"font-family: var( --e-global-typography-text-font-family ), Sans-serif; text-align: var(--text-align); font-size: var(--wp--preset--font-size--medium);\">und gro\u00dfer Highlights erleben k\u00f6nnen.<\/span><\/p>\t\t\t\t\t\t\t\t<\/div>\n\t\t\t\t<\/div>\n\t\t\t\t<\/div>\n\t\t<div class=\"elementor-element elementor-element-d667299 e-con-full e-flex e-con e-parent\" data-id=\"d667299\" data-element_type=\"container\" data-e-type=\"container\">\n\t\t<div class=\"elementor-element elementor-element-ddf186e e-con-full e-flex e-con e-child\" data-id=\"ddf186e\" data-element_type=\"container\" data-e-type=\"container\">\n\t\t\t\t<div class=\"elementor-element elementor-element-183561a elementor-widget elementor-widget-image\" data-id=\"183561a\" data-element_type=\"widget\" data-e-type=\"widget\" data-widget_type=\"image.default\">\n\t\t\t\t<div class=\"elementor-widget-container\">\n\t\t\t\t\t\t\t\t\t\t\t\t\t\t\t<img decoding=\"async\" src=\"https:\/\/www.josefschule-gladbeck.de\/wp-content\/uploads\/elementor\/thumbs\/Bildschirmfoto-2025-06-15-um-20.53.20-r7cvt6dvn1wahse15pdp10tszd97v90p1u13nsmkv4.png\" title=\"Bildschirmfoto 2025-06-15 um 20.53.20\" alt=\"Bildschirmfoto 2025-06-15 um 20.53.20\" loading=\"lazy\" \/>\t\t\t\t\t\t\t\t\t\t\t\t\t\t\t<\/div>\n\t\t\t\t<\/div>\n\t\t\t\t<\/div>\n\t\t<div class=\"elementor-element elementor-element-ce456bd e-con-full e-flex e-con e-child\" data-id=\"ce456bd\" data-element_type=\"container\" data-e-type=\"container\">\n\t\t\t\t<div class=\"elementor-element elementor-element-b8ab6ec elementor-widget elementor-widget-text-editor\" data-id=\"b8ab6ec\" data-element_type=\"widget\" data-e-type=\"widget\" data-widget_type=\"text-editor.default\">\n\t\t\t\t<div class=\"elementor-widget-container\">\n\t\t\t\t\t\t\t\t\t<p class=\"p1\"><strong>Maximilian Hagemann<\/strong><\/p><p class=\"p1\">1. Vorsitzender<\/p><p class=\"p1\">Vater von zwei Kindern an der Josefschule &#8211; Schildkr\u00f6ten- und Eisb\u00e4renklasse<\/p><p class=\"p1\">Lieblingsprojekt: Die gezielte Anschaffung von Lehr- und Lernmitteln, die den Unterricht bereichern \u2013 gerade dann, wenn sie nicht durch den Schultr\u00e4ger finanziert werden k\u00f6nnen.<\/p>\t\t\t\t\t\t\t\t<\/div>\n\t\t\t\t<\/div>\n\t\t\t\t<\/div>\n\t\t\t\t<\/div>\n\t\t<div class=\"elementor-element elementor-element-96ebb21 e-con-full e-flex e-con e-parent\" data-id=\"96ebb21\" data-element_type=\"container\" data-e-type=\"container\">\n\t\t<div class=\"elementor-element elementor-element-5c2c418 e-con-full e-flex e-con e-child\" data-id=\"5c2c418\" data-element_type=\"container\" data-e-type=\"container\">\n\t\t\t\t<div class=\"elementor-element elementor-element-528606f elementor-widget elementor-widget-image\" data-id=\"528606f\" data-element_type=\"widget\" data-e-type=\"widget\" data-widget_type=\"image.default\">\n\t\t\t\t<div class=\"elementor-widget-container\">\n\t\t\t\t\t\t\t\t\t\t\t\t\t\t\t<img decoding=\"async\" src=\"https:\/\/www.josefschule-gladbeck.de\/wp-content\/uploads\/elementor\/thumbs\/Bildschirmfoto-2025-06-15-um-20.53.56-r7cvubqrzrgwompyg79a2qe34bld9xkvviqgryx99c.png\" title=\"Bildschirmfoto 2025-06-15 um 20.53.56\" alt=\"Bildschirmfoto 2025-06-15 um 20.53.56\" loading=\"lazy\" \/>\t\t\t\t\t\t\t\t\t\t\t\t\t\t\t<\/div>\n\t\t\t\t<\/div>\n\t\t\t\t<\/div>\n\t\t<div class=\"elementor-element elementor-element-5da7150 e-con-full e-flex e-con e-child\" data-id=\"5da7150\" data-element_type=\"container\" data-e-type=\"container\">\n\t\t\t\t<div class=\"elementor-element elementor-element-2c89ee2 elementor-widget elementor-widget-text-editor\" data-id=\"2c89ee2\" data-element_type=\"widget\" data-e-type=\"widget\" data-widget_type=\"text-editor.default\">\n\t\t\t\t<div class=\"elementor-widget-container\">\n\t\t\t\t\t\t\t\t\t<p><strong>Britta Bl\u00f6mker<\/strong><\/p><p>2. Vorsitzende<\/p><p>Mutter einer Tochter an der Josefschule (Otterklasse)<\/p><p>Lieblingsprojekt: Das Zirkus- und Trommelprojekt \u2013 zwei unvergessliche Erlebnisse, bei denen die Kinder \u00fcber sich hinauswachsen. Der Stolz, das Erlernte vor Publikum pr\u00e4sentieren zu k\u00f6nnen, geht unter die Haut.<\/p>\t\t\t\t\t\t\t\t<\/div>\n\t\t\t\t<\/div>\n\t\t\t\t<\/div>\n\t\t\t\t<\/div>\n\t\t<div class=\"elementor-element elementor-element-c7710d1 e-con-full e-flex e-con e-parent\" data-id=\"c7710d1\" data-element_type=\"container\" data-e-type=\"container\">\n\t\t<div class=\"elementor-element elementor-element-cd2eb22 e-con-full e-flex e-con e-child\" data-id=\"cd2eb22\" data-element_type=\"container\" data-e-type=\"container\">\n\t\t\t\t<div class=\"elementor-element elementor-element-8c32b27 elementor-widget elementor-widget-image\" data-id=\"8c32b27\" data-element_type=\"widget\" data-e-type=\"widget\" data-widget_type=\"image.default\">\n\t\t\t\t<div class=\"elementor-widget-container\">\n\t\t\t\t\t\t\t\t\t\t\t\t\t\t\t<img fetchpriority=\"high\" decoding=\"async\" width=\"596\" height=\"794\" src=\"https:\/\/www.josefschule-gladbeck.de\/wp-content\/uploads\/2025\/06\/Bildschirmfoto-2025-06-15-um-20.54.46.png\" class=\"attachment-large size-large wp-image-1932\" alt=\"\" srcset=\"https:\/\/www.josefschule-gladbeck.de\/wp-content\/uploads\/2025\/06\/Bildschirmfoto-2025-06-15-um-20.54.46.png 596w, https:\/\/www.josefschule-gladbeck.de\/wp-content\/uploads\/2025\/06\/Bildschirmfoto-2025-06-15-um-20.54.46-225x300.png 225w, https:\/\/www.josefschule-gladbeck.de\/wp-content\/uploads\/2025\/06\/elementor\/thumbs\/Bildschirmfoto-2025-06-15-um-20.54.46-r7cvucom6li708olapnwn85jppgqhmom7ndy98vv34.png 540w\" sizes=\"(max-width: 596px) 100vw, 596px\" \/>\t\t\t\t\t\t\t\t\t\t\t\t\t\t\t<\/div>\n\t\t\t\t<\/div>\n\t\t\t\t<\/div>\n\t\t<div class=\"elementor-element elementor-element-708ef45 e-con-full e-flex e-con e-child\" data-id=\"708ef45\" data-element_type=\"container\" data-e-type=\"container\">\n\t\t\t\t<div class=\"elementor-element elementor-element-18da502 elementor-widget elementor-widget-text-editor\" data-id=\"18da502\" data-element_type=\"widget\" data-e-type=\"widget\" data-widget_type=\"text-editor.default\">\n\t\t\t\t<div class=\"elementor-widget-container\">\n\t\t\t\t\t\t\t\t\t<p class=\"p1\"><strong>Sabrina Nock<\/strong><\/p><p class=\"p1\">Kassenwartin<\/p><p class=\"p1\">Mutter von zwei Kindern an der Josefschule (L\u00f6wen- und Tigerklasse)<\/p><p class=\"p1\">Obstbuffet beim Sportfest und Nikolaus\u00fcberraschung \u2013 Manchmal bereiten Kleinigkeiten die gr\u00f6\u00dfte Freude.<\/p>\t\t\t\t\t\t\t\t<\/div>\n\t\t\t\t<\/div>\n\t\t\t\t<\/div>\n\t\t\t\t<\/div>\n\t\t\t\t<\/div>\n\t\t","protected":false},"excerpt":{"rendered":"<p>Vorstand Wir engagieren uns im F\u00f6rderverein der Josefschule, weil wir glauben, dass Bildung nicht nur im&nbsp;Klassenzimmer stattfindet. Wir sehen die Josefschule bereits als lebendige und engagierte Schule, die&nbsp;wertvolle Impulse setzt und den Schulalltag mit viel Herz gestaltet. Mit unserem Einsatz m\u00f6chten wir&nbsp;genau daran ankn\u00fcpfen \u2013 und dazu weiter beitragen, dass alle Kinder eine Grundschulzeit voller [&hellip;]<\/p>\n","protected":false},"author":2,"featured_media":0,"parent":0,"menu_order":0,"comment_status":"closed","ping_status":"closed","template":"","meta":{"footnotes":""},"class_list":["post-1928","page","type-page","status-publish","hentry"],"_links":{"self":[{"href":"https:\/\/www.josefschule-gladbeck.de\/index.php\/wp-json\/wp\/v2\/pages\/1928","targetHints":{"allow":["GET"]}}],"collection":[{"href":"https:\/\/www.josefschule-gladbeck.de\/index.php\/wp-json\/wp\/v2\/pages"}],"about":[{"href":"https:\/\/www.josefschule-gladbeck.de\/index.php\/wp-json\/wp\/v2\/types\/page"}],"author":[{"embeddable":true,"href":"https:\/\/www.josefschule-gladbeck.de\/index.php\/wp-json\/wp\/v2\/users\/2"}],"replies":[{"embeddable":true,"href":"https:\/\/www.josefschule-gladbeck.de\/index.php\/wp-json\/wp\/v2\/comments?post=1928"}],"version-history":[{"count":41,"href":"https:\/\/www.josefschule-gladbeck.de\/index.php\/wp-json\/wp\/v2\/pages\/1928\/revisions"}],"predecessor-version":[{"id":2038,"href":"https:\/\/www.josefschule-gladbeck.de\/index.php\/wp-json\/wp\/v2\/pages\/1928\/revisions\/2038"}],"wp:attachment":[{"href":"https:\/\/www.josefschule-gladbeck.de\/index.php\/wp-json\/wp\/v2\/media?parent=1928"}],"curies":[{"name":"wp","href":"https:\/\/api.w.org\/{rel}","templated":true}]}}

<div data-elementor-type="wp-page" data-elementor-id="1928" class="elementor elementor-1928" data-elementor-post-type="page">
				<div class="elementor-element elementor-element-46ad0a2 e-con-full e-flex e-con e-parent" data-id="46ad0a2" data-element_type="container" data-e-type="container">
				<div class="elementor-element elementor-element-c7bea56 elementor-widget elementor-widget-heading" data-id="c7bea56" data-element_type="widget" data-e-type="widget" data-widget_type="heading.default">
				<div class="elementor-widget-container">
					<h3 class="elementor-heading-title elementor-size-default">Vorstand</h3>				</div>
				</div>
				<div class="elementor-element elementor-element-4e4cfac elementor-widget elementor-widget-text-editor" data-id="4e4cfac" data-element_type="widget" data-e-type="widget" data-widget_type="text-editor.default">
				<div class="elementor-widget-container">
									<p class="p1">Wir engagieren uns im Förderverein der Josefschule, weil wir glauben, dass Bildung nicht nur im&nbsp;<span style="font-family: var( --e-global-typography-text-font-family ), Sans-serif; text-align: var(--text-align); font-size: var(--wp--preset--font-size--medium);">Klassenzimmer stattfindet. Wir sehen die Josefschule bereits als lebendige und engagierte Schule, die&nbsp;</span><span style="font-family: var( --e-global-typography-text-font-family ), Sans-serif; text-align: var(--text-align); font-size: var(--wp--preset--font-size--medium);">wertvolle Impulse setzt und den Schulalltag mit viel Herz gestaltet. Mit unserem Einsatz möchten wir&nbsp;</span><span style="font-family: var( --e-global-typography-text-font-family ), Sans-serif; text-align: var(--text-align); font-size: var(--wp--preset--font-size--medium);">genau daran anknüpfen – und dazu weiter beitragen, dass alle Kinder eine Grundschulzeit voller kleiner&nbsp;</span><span style="font-family: var( --e-global-typography-text-font-family ), Sans-serif; text-align: var(--text-align); font-size: var(--wp--preset--font-size--medium);">und großer Highlights erleben können.</span></p>								</div>
				</div>
				</div>
		<div class="elementor-element elementor-element-d667299 e-con-full e-flex e-con e-parent" data-id="d667299" data-element_type="container" data-e-type="container">
		<div class="elementor-element elementor-element-ddf186e e-con-full e-flex e-con e-child" data-id="ddf186e" data-element_type="container" data-e-type="container">
				<div class="elementor-element elementor-element-183561a elementor-widget elementor-widget-image" data-id="183561a" data-element_type="widget" data-e-type="widget" data-widget_type="image.default">
				<div class="elementor-widget-container">
															<img decoding="async" src="https://www.josefschule-gladbeck.de/wp-content/uploads/elementor/thumbs/Bildschirmfoto-2025-06-15-um-20.53.20-r7cvt6dvn1wahse15pdp10tszd97v90p1u13nsmkv4.png" title="Bildschirmfoto 2025-06-15 um 20.53.20" alt="Bildschirmfoto 2025-06-15 um 20.53.20" loading="lazy" />															</div>
				</div>
				</div>
		<div class="elementor-element elementor-element-ce456bd e-con-full e-flex e-con e-child" data-id="ce456bd" data-element_type="container" data-e-type="container">
				<div class="elementor-element elementor-element-b8ab6ec elementor-widget elementor-widget-text-editor" data-id="b8ab6ec" data-element_type="widget" data-e-type="widget" data-widget_type="text-editor.default">
				<div class="elementor-widget-container">
									<p class="p1"><strong>Maximilian Hagemann</strong></p><p class="p1">1. Vorsitzender</p><p class="p1">Vater von zwei Kindern an der Josefschule &#8211; Schildkröten- und Eisbärenklasse</p><p class="p1">Lieblingsprojekt: Die gezielte Anschaffung von Lehr- und Lernmitteln, die den Unterricht bereichern – gerade dann, wenn sie nicht durch den Schulträger finanziert werden können.</p>								</div>
				</div>
				</div>
				</div>
		<div class="elementor-element elementor-element-96ebb21 e-con-full e-flex e-con e-parent" data-id="96ebb21" data-element_type="container" data-e-type="container">
		<div class="elementor-element elementor-element-5c2c418 e-con-full e-flex e-con e-child" data-id="5c2c418" data-element_type="container" data-e-type="container">
				<div class="elementor-element elementor-element-528606f elementor-widget elementor-widget-image" data-id="528606f" data-element_type="widget" data-e-type="widget" data-widget_type="image.default">
				<div class="elementor-widget-container">
															<img decoding="async" src="https://www.josefschule-gladbeck.de/wp-content/uploads/elementor/thumbs/Bildschirmfoto-2025-06-15-um-20.53.56-r7cvubqrzrgwompyg79a2qe34bld9xkvviqgryx99c.png" title="Bildschirmfoto 2025-06-15 um 20.53.56" alt="Bildschirmfoto 2025-06-15 um 20.53.56" loading="lazy" />															</div>
				</div>
				</div>
		<div class="elementor-element elementor-element-5da7150 e-con-full e-flex e-con e-child" data-id="5da7150" data-element_type="container" data-e-type="container">
				<div class="elementor-element elementor-element-2c89ee2 elementor-widget elementor-widget-text-editor" data-id="2c89ee2" data-element_type="widget" data-e-type="widget" data-widget_type="text-editor.default">
				<div class="elementor-widget-container">
									<p><strong>Britta Blömker</strong></p><p>2. Vorsitzende</p><p>Mutter einer Tochter an der Josefschule (Otterklasse)</p><p>Lieblingsprojekt: Das Zirkus- und Trommelprojekt – zwei unvergessliche Erlebnisse, bei denen die Kinder über sich hinauswachsen. Der Stolz, das Erlernte vor Publikum präsentieren zu können, geht unter die Haut.</p>								</div>
				</div>
				</div>
				</div>
		<div class="elementor-element elementor-element-c7710d1 e-con-full e-flex e-con e-parent" data-id="c7710d1" data-element_type="container" data-e-type="container">
		<div class="elementor-element elementor-element-cd2eb22 e-con-full e-flex e-con e-child" data-id="cd2eb22" data-element_type="container" data-e-type="container">
				<div class="elementor-element elementor-element-8c32b27 elementor-widget elementor-widget-image" data-id="8c32b27" data-element_type="widget" data-e-type="widget" data-widget_type="image.default">
				<div class="elementor-widget-container">
															<img fetchpriority="high" decoding="async" width="596" height="794" src="https://www.josefschule-gladbeck.de/wp-content/uploads/2025/06/Bildschirmfoto-2025-06-15-um-20.54.46.png" class="attachment-large size-large wp-image-1932" alt="" srcset="https://www.josefschule-gladbeck.de/wp-content/uploads/2025/06/Bildschirmfoto-2025-06-15-um-20.54.46.png 596w, https://www.josefschule-gladbeck.de/wp-content/uploads/2025/06/Bildschirmfoto-2025-06-15-um-20.54.46-225x300.png 225w, https://www.josefschule-gladbeck.de/wp-content/uploads/2025/06/elementor/thumbs/Bildschirmfoto-2025-06-15-um-20.54.46-r7cvucom6li708olapnwn85jppgqhmom7ndy98vv34.png 540w" sizes="(max-width: 596px) 100vw, 596px" />															</div>
				</div>
				</div>
		<div class="elementor-element elementor-element-708ef45 e-con-full e-flex e-con e-child" data-id="708ef45" data-element_type="container" data-e-type="container">
				<div class="elementor-element elementor-element-18da502 elementor-widget elementor-widget-text-editor" data-id="18da502" data-element_type="widget" data-e-type="widget" data-widget_type="text-editor.default">
				<div class="elementor-widget-container">
									<p class="p1"><strong>Sabrina Nock</strong></p><p class="p1">Kassenwartin</p><p class="p1">Mutter von zwei Kindern an der Josefschule (Löwen- und Tigerklasse)</p><p class="p1">Obstbuffet beim Sportfest und Nikolausüberraschung – Manchmal bereiten Kleinigkeiten die größte Freude.</p>								</div>
				</div>
				</div>
				</div>
				</div>

<p>Vorstand Wir engagieren uns im Förderverein der Josefschule, weil wir glauben, dass Bildung nicht nur im&nbsp;Klassenzimmer stattfindet. Wir sehen die Josefschule bereits als lebendige und engagierte Schule, die&nbsp;wertvolle Impulse setzt und den Schulalltag mit viel Herz gestaltet. Mit unserem Einsatz möchten wir&nbsp;genau daran anknüpfen – und dazu weiter beitragen, dass alle Kinder eine Grundschulzeit voller [&hellip;]</p>
