{"id":431,"date":"2025-04-16T20:09:17","date_gmt":"2025-04-16T20:09:17","guid":{"rendered":"https:\/\/www.josefschule-gladbeck.de\/?page_id=431"},"modified":"2025-06-02T22:23:35","modified_gmt":"2025-06-02T20:23:35","slug":"schultag","status":"publish","type":"page","link":"https:\/\/www.josefschule-gladbeck.de\/index.php\/schultag\/","title":{"rendered":"Schultag"},"content":{"rendered":"\t\t<div data-elementor-type=\"wp-page\" data-elementor-id=\"431\" class=\"elementor elementor-431\" data-elementor-post-type=\"page\">\n\t\t\t\t<div class=\"elementor-element elementor-element-6d382a6 e-flex e-con-boxed e-con e-parent\" data-id=\"6d382a6\" data-element_type=\"container\" data-e-type=\"container\">\n\t\t\t\t\t<div class=\"e-con-inner\">\n\t\t\t\t<div class=\"elementor-element elementor-element-1a3317c elementor-widget__width-inherit elementor-widget elementor-widget-heading\" data-id=\"1a3317c\" data-element_type=\"widget\" data-e-type=\"widget\" data-widget_type=\"heading.default\">\n\t\t\t\t<div class=\"elementor-widget-container\">\n\t\t\t\t\t<h3 class=\"elementor-heading-title elementor-size-default\">Unser Schultag<\/h3>\t\t\t\t<\/div>\n\t\t\t\t<\/div>\n\t\t\t\t<div class=\"elementor-element elementor-element-2cd2da7 elementor-widget elementor-widget-text-editor\" data-id=\"2cd2da7\" data-element_type=\"widget\" data-e-type=\"widget\" data-widget_type=\"text-editor.default\">\n\t\t\t\t<div class=\"elementor-widget-container\">\n\t\t\t\t\t\t\t\t\t<p>Morgens k\u00f6nnen alle Kinder ab 7:45 Uhr in ihrem Klassenraum ankommen. Der Unterricht beginnt zehn Minuten sp\u00e4ter. Nach zwei Schulstunden wird in den Klassen gefr\u00fchst\u00fcckt, anschlie\u00dfend gibt es eine Hofpause. Nach zwei weiteren Schulstunden geht es entweder nach Hause oder in eine zweite Hofpause.<\/p><p>In jedem Jahrgang gibt es eine Regelklasse, in der der Unterricht mittags endet. Unter der Tr\u00e4gerschaft der AWO wird auch eine VG (Verl\u00e4ssliche Grundschule) angeboten. Die Kinder werden nach Unterrichtsschluss bis 13:20 Uhr von der p\u00e4dagogischen Mitarbeiter:innen betreut. Mittagessen, Hausaufgaben- und Ferienbetreuung geh\u00f6ren nicht zum Angebot der VG.<\/p><p>In unseren Offenen Ganztagsklassen (OGS) werden die Kinder bis 15 oder 16 Uhr unterrichtet und betreut. Sie essen in der Schule und werden bei den Hausaufgaben betreut.\u00a0<\/p>\t\t\t\t\t\t\t\t<\/div>\n\t\t\t\t<\/div>\n\t\t\t\t\t<\/div>\n\t\t\t\t<\/div>\n\t\t<div class=\"elementor-element elementor-element-48eeda8 e-flex e-con-boxed e-con e-parent\" data-id=\"48eeda8\" data-element_type=\"container\" data-e-type=\"container\">\n\t\t\t\t\t<div class=\"e-con-inner\">\n\t\t<div class=\"elementor-element elementor-element-206672f e-con-full e-flex e-con e-child\" data-id=\"206672f\" data-element_type=\"container\" data-e-type=\"container\">\n\t\t\t\t<div class=\"elementor-element elementor-element-19c032e elementor-widget__width-initial elementor-view-default elementor-widget elementor-widget-icon\" data-id=\"19c032e\" data-element_type=\"widget\" data-e-type=\"widget\" data-widget_type=\"icon.default\">\n\t\t\t\t<div class=\"elementor-widget-container\">\n\t\t\t\t\t\t\t<div class=\"elementor-icon-wrapper\">\n\t\t\t<a class=\"elementor-icon\" href=\"https:\/\/www.josefschule-gladbeck.de\/index.php\/betreuung\/\">\n\t\t\t<svg aria-hidden=\"true\" class=\"e-font-icon-svg e-fas-external-link-alt\" viewBox=\"0 0 512 512\" xmlns=\"http:\/\/www.w3.org\/2000\/svg\"><path d=\"M432,320H400a16,16,0,0,0-16,16V448H64V128H208a16,16,0,0,0,16-16V80a16,16,0,0,0-16-16H48A48,48,0,0,0,0,112V464a48,48,0,0,0,48,48H400a48,48,0,0,0,48-48V336A16,16,0,0,0,432,320ZM488,0h-128c-21.37,0-32.05,25.91-17,41l35.73,35.73L135,320.37a24,24,0,0,0,0,34L157.67,377a24,24,0,0,0,34,0L435.28,133.32,471,169c15,15,41,4.5,41-17V24A24,24,0,0,0,488,0Z\"><\/path><\/svg>\t\t\t<\/a>\n\t\t<\/div>\n\t\t\t\t\t\t<\/div>\n\t\t\t\t<\/div>\n\t\t\t\t<\/div>\n\t\t<div class=\"elementor-element elementor-element-414db9c e-con-full e-flex e-con e-child\" data-id=\"414db9c\" data-element_type=\"container\" data-e-type=\"container\">\n\t\t\t\t<div class=\"elementor-element elementor-element-65621cc elementor-widget elementor-widget-text-editor\" data-id=\"65621cc\" data-element_type=\"widget\" data-e-type=\"widget\" data-widget_type=\"text-editor.default\">\n\t\t\t\t<div class=\"elementor-widget-container\">\n\t\t\t\t\t\t\t\t\t<p><a href=\"https:\/\/www.josefschule-gladbeck.de\/index.php\/betreuung\/\">Weitere Infos zu VG und OGS<\/a><\/p>\t\t\t\t\t\t\t\t<\/div>\n\t\t\t\t<\/div>\n\t\t\t\t<\/div>\n\t\t\t\t\t<\/div>\n\t\t\t\t<\/div>\n\t\t<div class=\"elementor-element elementor-element-3404ee1 e-flex e-con-boxed e-con e-parent\" data-id=\"3404ee1\" data-element_type=\"container\" data-e-type=\"container\">\n\t\t\t\t\t<div class=\"e-con-inner\">\n\t\t\t\t<div class=\"elementor-element elementor-element-de5afcd elementor-widget elementor-widget-image\" data-id=\"de5afcd\" data-element_type=\"widget\" data-e-type=\"widget\" data-widget_type=\"image.default\">\n\t\t\t\t<div class=\"elementor-widget-container\">\n\t\t\t\t\t\t\t\t\t\t\t\t\t\t\t<img fetchpriority=\"high\" decoding=\"async\" width=\"1024\" height=\"471\" src=\"https:\/\/www.josefschule-gladbeck.de\/wp-content\/uploads\/2025\/06\/steintuerme-neu-1024x471.png\" class=\"attachment-large size-large wp-image-1803\" alt=\"\" srcset=\"https:\/\/www.josefschule-gladbeck.de\/wp-content\/uploads\/2025\/06\/steintuerme-neu-1024x471.png 1024w, https:\/\/www.josefschule-gladbeck.de\/wp-content\/uploads\/2025\/06\/steintuerme-neu-300x138.png 300w, https:\/\/www.josefschule-gladbeck.de\/wp-content\/uploads\/2025\/06\/steintuerme-neu-768x353.png 768w, https:\/\/www.josefschule-gladbeck.de\/wp-content\/uploads\/2025\/06\/steintuerme-neu.png 1306w\" sizes=\"(max-width: 1024px) 100vw, 1024px\" \/>\t\t\t\t\t\t\t\t\t\t\t\t\t\t\t<\/div>\n\t\t\t\t<\/div>\n\t\t\t\t\t<\/div>\n\t\t\t\t<\/div>\n\t\t\t\t<\/div>\n\t\t","protected":false},"excerpt":{"rendered":"<p>Unser Schultag Morgens k\u00f6nnen alle Kinder ab 7:45 Uhr in ihrem Klassenraum ankommen. Der Unterricht beginnt zehn Minuten sp\u00e4ter. Nach zwei Schulstunden wird in den Klassen gefr\u00fchst\u00fcckt, anschlie\u00dfend gibt es eine Hofpause. Nach zwei weiteren Schulstunden geht es entweder nach Hause oder in eine zweite Hofpause. In jedem Jahrgang gibt es eine Regelklasse, in der [&hellip;]<\/p>\n","protected":false},"author":2,"featured_media":0,"parent":0,"menu_order":0,"comment_status":"closed","ping_status":"closed","template":"","meta":{"footnotes":""},"class_list":["post-431","page","type-page","status-publish","hentry"],"_links":{"self":[{"href":"https:\/\/www.josefschule-gladbeck.de\/index.php\/wp-json\/wp\/v2\/pages\/431","targetHints":{"allow":["GET"]}}],"collection":[{"href":"https:\/\/www.josefschule-gladbeck.de\/index.php\/wp-json\/wp\/v2\/pages"}],"about":[{"href":"https:\/\/www.josefschule-gladbeck.de\/index.php\/wp-json\/wp\/v2\/types\/page"}],"author":[{"embeddable":true,"href":"https:\/\/www.josefschule-gladbeck.de\/index.php\/wp-json\/wp\/v2\/users\/2"}],"replies":[{"embeddable":true,"href":"https:\/\/www.josefschule-gladbeck.de\/index.php\/wp-json\/wp\/v2\/comments?post=431"}],"version-history":[{"count":65,"href":"https:\/\/www.josefschule-gladbeck.de\/index.php\/wp-json\/wp\/v2\/pages\/431\/revisions"}],"predecessor-version":[{"id":1809,"href":"https:\/\/www.josefschule-gladbeck.de\/index.php\/wp-json\/wp\/v2\/pages\/431\/revisions\/1809"}],"wp:attachment":[{"href":"https:\/\/www.josefschule-gladbeck.de\/index.php\/wp-json\/wp\/v2\/media?parent=431"}],"curies":[{"name":"wp","href":"https:\/\/api.w.org\/{rel}","templated":true}]}}

<div data-elementor-type="wp-page" data-elementor-id="431" class="elementor elementor-431" data-elementor-post-type="page">
				<div class="elementor-element elementor-element-6d382a6 e-flex e-con-boxed e-con e-parent" data-id="6d382a6" data-element_type="container" data-e-type="container">
					<div class="e-con-inner">
				<div class="elementor-element elementor-element-1a3317c elementor-widget__width-inherit elementor-widget elementor-widget-heading" data-id="1a3317c" data-element_type="widget" data-e-type="widget" data-widget_type="heading.default">
				<div class="elementor-widget-container">
					<h3 class="elementor-heading-title elementor-size-default">Unser Schultag</h3>				</div>
				</div>
				<div class="elementor-element elementor-element-2cd2da7 elementor-widget elementor-widget-text-editor" data-id="2cd2da7" data-element_type="widget" data-e-type="widget" data-widget_type="text-editor.default">
				<div class="elementor-widget-container">
									<p>Morgens können alle Kinder ab 7:45 Uhr in ihrem Klassenraum ankommen. Der Unterricht beginnt zehn Minuten später. Nach zwei Schulstunden wird in den Klassen gefrühstückt, anschließend gibt es eine Hofpause. Nach zwei weiteren Schulstunden geht es entweder nach Hause oder in eine zweite Hofpause.</p><p>In jedem Jahrgang gibt es eine Regelklasse, in der der Unterricht mittags endet. Unter der Trägerschaft der AWO wird auch eine VG (Verlässliche Grundschule) angeboten. Die Kinder werden nach Unterrichtsschluss bis 13:20 Uhr von der pädagogischen Mitarbeiter:innen betreut. Mittagessen, Hausaufgaben- und Ferienbetreuung gehören nicht zum Angebot der VG.</p><p>In unseren Offenen Ganztagsklassen (OGS) werden die Kinder bis 15 oder 16 Uhr unterrichtet und betreut. Sie essen in der Schule und werden bei den Hausaufgaben betreut. </p>								</div>
				</div>
					</div>
				</div>
		<div class="elementor-element elementor-element-48eeda8 e-flex e-con-boxed e-con e-parent" data-id="48eeda8" data-element_type="container" data-e-type="container">
					<div class="e-con-inner">
		<div class="elementor-element elementor-element-206672f e-con-full e-flex e-con e-child" data-id="206672f" data-element_type="container" data-e-type="container">
				<div class="elementor-element elementor-element-19c032e elementor-widget__width-initial elementor-view-default elementor-widget elementor-widget-icon" data-id="19c032e" data-element_type="widget" data-e-type="widget" data-widget_type="icon.default">
				<div class="elementor-widget-container">
							<div class="elementor-icon-wrapper">
			<a class="elementor-icon" href="https://www.josefschule-gladbeck.de/index.php/betreuung/">
			<svg aria-hidden="true" class="e-font-icon-svg e-fas-external-link-alt" viewBox="0 0 512 512" xmlns="http://www.w3.org/2000/svg"><path d="M432,320H400a16,16,0,0,0-16,16V448H64V128H208a16,16,0,0,0,16-16V80a16,16,0,0,0-16-16H48A48,48,0,0,0,0,112V464a48,48,0,0,0,48,48H400a48,48,0,0,0,48-48V336A16,16,0,0,0,432,320ZM488,0h-128c-21.37,0-32.05,25.91-17,41l35.73,35.73L135,320.37a24,24,0,0,0,0,34L157.67,377a24,24,0,0,0,34,0L435.28,133.32,471,169c15,15,41,4.5,41-17V24A24,24,0,0,0,488,0Z"></path></svg>			</a>
		</div>
						</div>
				</div>
				</div>
		<div class="elementor-element elementor-element-414db9c e-con-full e-flex e-con e-child" data-id="414db9c" data-element_type="container" data-e-type="container">
				<div class="elementor-element elementor-element-65621cc elementor-widget elementor-widget-text-editor" data-id="65621cc" data-element_type="widget" data-e-type="widget" data-widget_type="text-editor.default">
				<div class="elementor-widget-container">
									<p><a href="https://www.josefschule-gladbeck.de/index.php/betreuung/">Weitere Infos zu VG und OGS</a></p>								</div>
				</div>
				</div>
					</div>
				</div>
		<div class="elementor-element elementor-element-3404ee1 e-flex e-con-boxed e-con e-parent" data-id="3404ee1" data-element_type="container" data-e-type="container">
					<div class="e-con-inner">
				<div class="elementor-element elementor-element-de5afcd elementor-widget elementor-widget-image" data-id="de5afcd" data-element_type="widget" data-e-type="widget" data-widget_type="image.default">
				<div class="elementor-widget-container">
															<img fetchpriority="high" decoding="async" width="1024" height="471" src="https://www.josefschule-gladbeck.de/wp-content/uploads/2025/06/steintuerme-neu-1024x471.png" class="attachment-large size-large wp-image-1803" alt="" srcset="https://www.josefschule-gladbeck.de/wp-content/uploads/2025/06/steintuerme-neu-1024x471.png 1024w, https://www.josefschule-gladbeck.de/wp-content/uploads/2025/06/steintuerme-neu-300x138.png 300w, https://www.josefschule-gladbeck.de/wp-content/uploads/2025/06/steintuerme-neu-768x353.png 768w, https://www.josefschule-gladbeck.de/wp-content/uploads/2025/06/steintuerme-neu.png 1306w" sizes="(max-width: 1024px) 100vw, 1024px" />															</div>
				</div>
					</div>
				</div>
				</div>

<p>Unser Schultag Morgens können alle Kinder ab 7:45 Uhr in ihrem Klassenraum ankommen. Der Unterricht beginnt zehn Minuten später. Nach zwei Schulstunden wird in den Klassen gefrühstückt, anschließend gibt es eine Hofpause. Nach zwei weiteren Schulstunden geht es entweder nach Hause oder in eine zweite Hofpause. In jedem Jahrgang gibt es eine Regelklasse, in der [&hellip;]</p>
