{"id":433,"date":"2025-04-16T20:09:33","date_gmt":"2025-04-16T20:09:33","guid":{"rendered":"https:\/\/www.josefschule-gladbeck.de\/?page_id=433"},"modified":"2025-06-02T22:25:36","modified_gmt":"2025-06-02T20:25:36","slug":"projekte","status":"publish","type":"page","link":"https:\/\/www.josefschule-gladbeck.de\/index.php\/projekte\/","title":{"rendered":"Projekte"},"content":{"rendered":"\t\t<div data-elementor-type=\"wp-page\" data-elementor-id=\"433\" class=\"elementor elementor-433\" data-elementor-post-type=\"page\">\n\t\t\t\t<div class=\"elementor-element elementor-element-5fa9741 e-flex e-con-boxed e-con e-parent\" data-id=\"5fa9741\" data-element_type=\"container\" data-e-type=\"container\">\n\t\t\t\t\t<div class=\"e-con-inner\">\n\t\t\t\t<div class=\"elementor-element elementor-element-6639ded elementor-widget__width-inherit elementor-widget elementor-widget-heading\" data-id=\"6639ded\" data-element_type=\"widget\" data-e-type=\"widget\" data-widget_type=\"heading.default\">\n\t\t\t\t<div class=\"elementor-widget-container\">\n\t\t\t\t\t<h3 class=\"elementor-heading-title elementor-size-default\">Unsere Projekte<\/h3>\t\t\t\t<\/div>\n\t\t\t\t<\/div>\n\t\t\t\t<div class=\"elementor-element elementor-element-acbadd2 elementor-widget elementor-widget-text-editor\" data-id=\"acbadd2\" data-element_type=\"widget\" data-e-type=\"widget\" data-widget_type=\"text-editor.default\">\n\t\t\t\t<div class=\"elementor-widget-container\">\n\t\t\t\t\t\t\t\t\t<p style=\"font-weight: 400;\">Viele Projekte f\u00fchren wir j\u00e4hrlich oder im Abstand von zwei bzw. vier Schuljahren durch, viele mit au\u00dferschulischen Partnern:<\/p><ul style=\"font-weight: 400;\"><li>Sozialkompetenztraining in Klasse 1\/2\u00a0<\/li><li>Projekt \u201eGr\u00fcner F\u00f6rderraum\u201c in Klasse 1\/2\u00a0<\/li><li>Autorenlesung in Klasse 4<\/li><li>Karnevalstanzen<\/li><li>Theaterbesuch\u00a0<\/li><li>Bundesjugendspiele<\/li><li>JeKITs mit Lehrkr\u00e4ften der st\u00e4dtischen Musikschule<\/li><li>Pr\u00e4ventionsprojekt Mein K\u00f6rper geh\u00f6rt mir<\/li><li>Zirkuswoche<\/li><li>Trommelprojekt<\/li><\/ul>\t\t\t\t\t\t\t\t<\/div>\n\t\t\t\t<\/div>\n\t\t\t\t<div class=\"elementor-element elementor-element-4fdf24f elementor-widget elementor-widget-image\" data-id=\"4fdf24f\" data-element_type=\"widget\" data-e-type=\"widget\" data-widget_type=\"image.default\">\n\t\t\t\t<div class=\"elementor-widget-container\">\n\t\t\t\t\t\t\t\t\t\t\t\t\t\t\t<img fetchpriority=\"high\" decoding=\"async\" width=\"1024\" height=\"471\" src=\"https:\/\/www.josefschule-gladbeck.de\/wp-content\/uploads\/2025\/06\/steintuerme-neu-1024x471.png\" class=\"attachment-large size-large wp-image-1803\" alt=\"\" srcset=\"https:\/\/www.josefschule-gladbeck.de\/wp-content\/uploads\/2025\/06\/steintuerme-neu-1024x471.png 1024w, https:\/\/www.josefschule-gladbeck.de\/wp-content\/uploads\/2025\/06\/steintuerme-neu-300x138.png 300w, https:\/\/www.josefschule-gladbeck.de\/wp-content\/uploads\/2025\/06\/steintuerme-neu-768x353.png 768w, https:\/\/www.josefschule-gladbeck.de\/wp-content\/uploads\/2025\/06\/steintuerme-neu.png 1306w\" sizes=\"(max-width: 1024px) 100vw, 1024px\" \/>\t\t\t\t\t\t\t\t\t\t\t\t\t\t\t<\/div>\n\t\t\t\t<\/div>\n\t\t\t\t<div class=\"elementor-element elementor-element-136451c elementor-widget elementor-widget-image\" data-id=\"136451c\" data-element_type=\"widget\" data-e-type=\"widget\" data-widget_type=\"image.default\">\n\t\t\t\t<div class=\"elementor-widget-container\">\n\t\t\t\t\t\t\t\t\t\t\t\t\t\t\t<img decoding=\"async\" src=\"https:\/\/www.josefschule-gladbeck.de\/wp-content\/uploads\/2025\/04\/blumenwiese.png\" title=\"\" alt=\"\" loading=\"lazy\" \/>\t\t\t\t\t\t\t\t\t\t\t\t\t\t\t<\/div>\n\t\t\t\t<\/div>\n\t\t\t\t\t<\/div>\n\t\t\t\t<\/div>\n\t\t\t\t<\/div>\n\t\t","protected":false},"excerpt":{"rendered":"<p>Unsere Projekte Viele Projekte f\u00fchren wir j\u00e4hrlich oder im Abstand von zwei bzw. vier Schuljahren durch, viele mit au\u00dferschulischen Partnern: Sozialkompetenztraining in Klasse 1\/2\u00a0 Projekt \u201eGr\u00fcner F\u00f6rderraum\u201c in Klasse 1\/2\u00a0 Autorenlesung in Klasse 4 Karnevalstanzen Theaterbesuch\u00a0 Bundesjugendspiele JeKITs mit Lehrkr\u00e4ften der st\u00e4dtischen Musikschule Pr\u00e4ventionsprojekt Mein K\u00f6rper geh\u00f6rt mir Zirkuswoche Trommelprojekt<\/p>\n","protected":false},"author":2,"featured_media":0,"parent":0,"menu_order":0,"comment_status":"closed","ping_status":"closed","template":"","meta":{"footnotes":""},"class_list":["post-433","page","type-page","status-publish","hentry"],"_links":{"self":[{"href":"https:\/\/www.josefschule-gladbeck.de\/index.php\/wp-json\/wp\/v2\/pages\/433","targetHints":{"allow":["GET"]}}],"collection":[{"href":"https:\/\/www.josefschule-gladbeck.de\/index.php\/wp-json\/wp\/v2\/pages"}],"about":[{"href":"https:\/\/www.josefschule-gladbeck.de\/index.php\/wp-json\/wp\/v2\/types\/page"}],"author":[{"embeddable":true,"href":"https:\/\/www.josefschule-gladbeck.de\/index.php\/wp-json\/wp\/v2\/users\/2"}],"replies":[{"embeddable":true,"href":"https:\/\/www.josefschule-gladbeck.de\/index.php\/wp-json\/wp\/v2\/comments?post=433"}],"version-history":[{"count":25,"href":"https:\/\/www.josefschule-gladbeck.de\/index.php\/wp-json\/wp\/v2\/pages\/433\/revisions"}],"predecessor-version":[{"id":1818,"href":"https:\/\/www.josefschule-gladbeck.de\/index.php\/wp-json\/wp\/v2\/pages\/433\/revisions\/1818"}],"wp:attachment":[{"href":"https:\/\/www.josefschule-gladbeck.de\/index.php\/wp-json\/wp\/v2\/media?parent=433"}],"curies":[{"name":"wp","href":"https:\/\/api.w.org\/{rel}","templated":true}]}}