{"id":87,"date":"2024-10-20T16:49:56","date_gmt":"2024-10-20T16:49:56","guid":{"rendered":"https:\/\/www.josefschule-gladbeck.de\/?page_id=87"},"modified":"2025-06-15T22:18:54","modified_gmt":"2025-06-15T20:18:54","slug":"index","status":"publish","type":"page","link":"https:\/\/www.josefschule-gladbeck.de\/","title":{"rendered":"\u00dcber uns"},"content":{"rendered":"\t\t<div data-elementor-type=\"wp-page\" data-elementor-id=\"87\" class=\"elementor elementor-87\" data-elementor-post-type=\"page\">\n\t\t\t\t<div class=\"elementor-element elementor-element-16a5adc e-flex e-con-boxed e-con e-parent\" data-id=\"16a5adc\" data-element_type=\"container\" data-e-type=\"container\">\n\t\t\t\t\t<div class=\"e-con-inner\">\n\t\t\t\t<div class=\"elementor-element elementor-element-639166d elementor-widget elementor-widget-text-editor\" data-id=\"639166d\" data-element_type=\"widget\" data-e-type=\"widget\" data-widget_type=\"text-editor.default\">\n\t\t\t\t<div class=\"elementor-widget-container\">\n\t\t\t\t\t\t\t\t\t<p>Wir sind eine katholische Grundschule im Gladbecker Stadtteil Rentfort. Viel Spa\u00df beim Entdecken auf unserer Website!<\/p><p>Unter der Raupe finden Sie aktuelle Meldungen aus dem B\u00fcro.\u00a0<\/p>\t\t\t\t\t\t\t\t<\/div>\n\t\t\t\t<\/div>\n\t\t\t\t<div class=\"elementor-element elementor-element-a971d76 elementor-widget__width-initial elementor-widget elementor-widget-image\" data-id=\"a971d76\" data-element_type=\"widget\" data-e-type=\"widget\" data-widget_type=\"image.default\">\n\t\t\t\t<div class=\"elementor-widget-container\">\n\t\t\t\t\t\t\t\t\t\t\t\t\t\t\t<img decoding=\"async\" src=\"https:\/\/www.josefschule-gladbeck.de\/wp-content\/uploads\/2025\/06\/raupe.png\" title=\"\" alt=\"\" loading=\"lazy\" \/>\t\t\t\t\t\t\t\t\t\t\t\t\t\t\t<\/div>\n\t\t\t\t<\/div>\n\t\t\t\t<div class=\"elementor-element elementor-element-c9894ac elementor-widget__width-initial elementor-grid-1 elementor-grid-mobile-1 elementor-posts--thumbnail-top load-more-align-center elementor-widget elementor-widget-posts\" data-id=\"c9894ac\" data-element_type=\"widget\" data-e-type=\"widget\" data-settings=\"{&quot;pagination_type&quot;:&quot;load_more_on_click&quot;,&quot;classic_columns&quot;:&quot;1&quot;,&quot;classic_columns_mobile&quot;:&quot;1&quot;,&quot;classic_row_gap&quot;:{&quot;unit&quot;:&quot;px&quot;,&quot;size&quot;:35,&quot;sizes&quot;:[]},&quot;classic_row_gap_tablet&quot;:{&quot;unit&quot;:&quot;px&quot;,&quot;size&quot;:&quot;&quot;,&quot;sizes&quot;:[]},&quot;classic_row_gap_mobile&quot;:{&quot;unit&quot;:&quot;px&quot;,&quot;size&quot;:&quot;&quot;,&quot;sizes&quot;:[]},&quot;load_more_spinner&quot;:{&quot;value&quot;:&quot;fas fa-spinner&quot;,&quot;library&quot;:&quot;fa-solid&quot;}}\" data-widget_type=\"posts.classic\">\n\t\t\t\t<div class=\"elementor-widget-container\">\n\t\t\t\t\t\t\t<div class=\"elementor-posts-container elementor-posts elementor-posts--skin-classic elementor-grid\">\n\t\t\t\t<article class=\"elementor-post elementor-grid-item post-2292 post type-post status-publish format-standard has-post-thumbnail hentry category-aus-dem-buero\">\n\t\t\t\t<a class=\"elementor-post__thumbnail__link\" href=\"https:\/\/www.josefschule-gladbeck.de\/index.php\/2026\/03\/27\/frohe-ostern\/\" tabindex=\"-1\" >\n\t\t\t<div class=\"elementor-post__thumbnail\"><img fetchpriority=\"high\" decoding=\"async\" width=\"768\" height=\"1024\" src=\"https:\/\/www.josefschule-gladbeck.de\/wp-content\/uploads\/2026\/04\/IMG_8121-768x1024.jpg\" class=\"attachment-medium_large size-medium_large wp-image-2293\" alt=\"\" srcset=\"https:\/\/www.josefschule-gladbeck.de\/wp-content\/uploads\/2026\/04\/IMG_8121-768x1024.jpg 768w, https:\/\/www.josefschule-gladbeck.de\/wp-content\/uploads\/2026\/04\/IMG_8121-225x300.jpg 225w, https:\/\/www.josefschule-gladbeck.de\/wp-content\/uploads\/2026\/04\/IMG_8121-1152x1536.jpg 1152w, https:\/\/www.josefschule-gladbeck.de\/wp-content\/uploads\/2026\/04\/IMG_8121-1536x2048.jpg 1536w, https:\/\/www.josefschule-gladbeck.de\/wp-content\/uploads\/2026\/04\/IMG_8121-scaled.jpg 1920w\" sizes=\"(max-width: 768px) 100vw, 768px\" \/><\/div>\n\t\t<\/a>\n\t\t\t\t<div class=\"elementor-post__text\">\n\t\t\t\t<h3 class=\"elementor-post__title\">\n\t\t\t<a href=\"https:\/\/www.josefschule-gladbeck.de\/index.php\/2026\/03\/27\/frohe-ostern\/\" >\n\t\t\t\tFrohe Ostern \ud83d\udc23\ud83c\udf37\t\t\t<\/a>\n\t\t<\/h3>\n\t\t\t\t<div class=\"elementor-post__meta-data\">\n\t\t\t\t\t<span class=\"elementor-post-date\">\n\t\t\t27. M\u00e4rz 2026\t\t<\/span>\n\t\t\t\t<\/div>\n\t\t\t\t<div class=\"elementor-post__excerpt\">\n\t\t\t<p>Mit einem sch\u00f6nen Ostergottesdienst, den unsere Erstkl\u00e4ssler liebevoll f\u00fcr uns gestaltet haben, verabschieden wir uns in die Osterferien. Wir w\u00fcnschen allen Kindern, Familien und Kolleginnen<\/p>\n\t\t<\/div>\n\t\t\n\t\t<a class=\"elementor-post__read-more\" href=\"https:\/\/www.josefschule-gladbeck.de\/index.php\/2026\/03\/27\/frohe-ostern\/\" aria-label=\"Mehr \u00fcber Frohe Ostern \ud83d\udc23\ud83c\udf37\" tabindex=\"-1\" >\n\t\t\tWeiterlesen \u00bb\t\t<\/a>\n\n\t\t\t\t<\/div>\n\t\t\t\t<\/article>\n\t\t\t\t<article class=\"elementor-post elementor-grid-item post-2258 post type-post status-publish format-standard has-post-thumbnail hentry category-aus-dem-buero\">\n\t\t\t\t<a class=\"elementor-post__thumbnail__link\" href=\"https:\/\/www.josefschule-gladbeck.de\/index.php\/2026\/03\/20\/ein-tag-voller-glueck\/\" tabindex=\"-1\" >\n\t\t\t<div class=\"elementor-post__thumbnail\"><img decoding=\"async\" width=\"768\" height=\"1024\" src=\"https:\/\/www.josefschule-gladbeck.de\/wp-content\/uploads\/2026\/03\/IMG_7833-768x1024.jpg\" class=\"attachment-medium_large size-medium_large wp-image-2261\" alt=\"\" srcset=\"https:\/\/www.josefschule-gladbeck.de\/wp-content\/uploads\/2026\/03\/IMG_7833-768x1024.jpg 768w, https:\/\/www.josefschule-gladbeck.de\/wp-content\/uploads\/2026\/03\/IMG_7833-225x300.jpg 225w, https:\/\/www.josefschule-gladbeck.de\/wp-content\/uploads\/2026\/03\/IMG_7833-1152x1536.jpg 1152w, https:\/\/www.josefschule-gladbeck.de\/wp-content\/uploads\/2026\/03\/IMG_7833-1536x2048.jpg 1536w, https:\/\/www.josefschule-gladbeck.de\/wp-content\/uploads\/2026\/03\/IMG_7833-scaled.jpg 1920w\" sizes=\"(max-width: 768px) 100vw, 768px\" \/><\/div>\n\t\t<\/a>\n\t\t\t\t<div class=\"elementor-post__text\">\n\t\t\t\t<h3 class=\"elementor-post__title\">\n\t\t\t<a href=\"https:\/\/www.josefschule-gladbeck.de\/index.php\/2026\/03\/20\/ein-tag-voller-glueck\/\" >\n\t\t\t\tEin Tag voller Gl\u00fcck \ud83c\udf40\t\t\t<\/a>\n\t\t<\/h3>\n\t\t\t\t<div class=\"elementor-post__meta-data\">\n\t\t\t\t\t<span class=\"elementor-post-date\">\n\t\t\t20. M\u00e4rz 2026\t\t<\/span>\n\t\t\t\t<\/div>\n\t\t\t\t<div class=\"elementor-post__excerpt\">\n\t\t\t<p>Im Rahmen unseres Gl\u00fcckstages drehte sich alles um das Thema \u201eGl\u00fcck\u201c \ud83c\udf40. Die Sch\u00fclerinnen und Sch\u00fcler setzten sich auf unterschiedliche und kreative Weise damit auseinander.<\/p>\n\t\t<\/div>\n\t\t\n\t\t<a class=\"elementor-post__read-more\" href=\"https:\/\/www.josefschule-gladbeck.de\/index.php\/2026\/03\/20\/ein-tag-voller-glueck\/\" aria-label=\"Mehr \u00fcber Ein Tag voller Gl\u00fcck \ud83c\udf40\" tabindex=\"-1\" >\n\t\t\tWeiterlesen \u00bb\t\t<\/a>\n\n\t\t\t\t<\/div>\n\t\t\t\t<\/article>\n\t\t\t\t<article class=\"elementor-post elementor-grid-item post-2204 post type-post status-publish format-standard has-post-thumbnail hentry category-aus-dem-buero\">\n\t\t\t\t<a class=\"elementor-post__thumbnail__link\" href=\"https:\/\/www.josefschule-gladbeck.de\/index.php\/2026\/02\/12\/karneval-an-der-josefschule-sportlich-bunt-und-voller-freude\/\" tabindex=\"-1\" >\n\t\t\t<div class=\"elementor-post__thumbnail\"><img decoding=\"async\" width=\"768\" height=\"1024\" src=\"https:\/\/www.josefschule-gladbeck.de\/wp-content\/uploads\/2026\/02\/8d992ffb-b53a-4d75-b60a-72203d248bb4-768x1024.jpg\" class=\"attachment-medium_large size-medium_large wp-image-2211\" alt=\"\" srcset=\"https:\/\/www.josefschule-gladbeck.de\/wp-content\/uploads\/2026\/02\/8d992ffb-b53a-4d75-b60a-72203d248bb4-768x1024.jpg 768w, https:\/\/www.josefschule-gladbeck.de\/wp-content\/uploads\/2026\/02\/8d992ffb-b53a-4d75-b60a-72203d248bb4-225x300.jpg 225w, https:\/\/www.josefschule-gladbeck.de\/wp-content\/uploads\/2026\/02\/8d992ffb-b53a-4d75-b60a-72203d248bb4-1152x1536.jpg 1152w, https:\/\/www.josefschule-gladbeck.de\/wp-content\/uploads\/2026\/02\/8d992ffb-b53a-4d75-b60a-72203d248bb4.jpg 1200w\" sizes=\"(max-width: 768px) 100vw, 768px\" \/><\/div>\n\t\t<\/a>\n\t\t\t\t<div class=\"elementor-post__text\">\n\t\t\t\t<h3 class=\"elementor-post__title\">\n\t\t\t<a href=\"https:\/\/www.josefschule-gladbeck.de\/index.php\/2026\/02\/12\/karneval-an-der-josefschule-sportlich-bunt-und-voller-freude\/\" >\n\t\t\t\tKarneval an der Josefschule &#8211; Sportlich, bunt und voller Freude \ud83c\udf08\t\t\t<\/a>\n\t\t<\/h3>\n\t\t\t\t<div class=\"elementor-post__meta-data\">\n\t\t\t\t\t<span class=\"elementor-post-date\">\n\t\t\t12. Februar 2026\t\t<\/span>\n\t\t\t\t<\/div>\n\t\t\t\t<div class=\"elementor-post__excerpt\">\n\t\t\t<p>Am diesj\u00e4hrigen Karnevalstag verwandelte sich die Josefschule in eine fr\u00f6hliche und sportliche Karnevalswelt. Unter dem Motto\u00a0\u201eSport\u201c\u00a0wurde in allen Klassen flei\u00dfig dekoriert. \u00dcberall hingen bunte Girlanden,<\/p>\n\t\t<\/div>\n\t\t\n\t\t<a class=\"elementor-post__read-more\" href=\"https:\/\/www.josefschule-gladbeck.de\/index.php\/2026\/02\/12\/karneval-an-der-josefschule-sportlich-bunt-und-voller-freude\/\" aria-label=\"Mehr \u00fcber Karneval an der Josefschule &#8211; Sportlich, bunt und voller Freude \ud83c\udf08\" tabindex=\"-1\" >\n\t\t\tWeiterlesen \u00bb\t\t<\/a>\n\n\t\t\t\t<\/div>\n\t\t\t\t<\/article>\n\t\t\t\t<\/div>\n\t\t\t\t\t<span class=\"e-load-more-spinner\">\n\t\t\t\t<svg aria-hidden=\"true\" class=\"e-font-icon-svg e-fas-spinner\" viewBox=\"0 0 512 512\" xmlns=\"http:\/\/www.w3.org\/2000\/svg\"><path d=\"M304 48c0 26.51-21.49 48-48 48s-48-21.49-48-48 21.49-48 48-48 48 21.49 48 48zm-48 368c-26.51 0-48 21.49-48 48s21.49 48 48 48 48-21.49 48-48-21.49-48-48-48zm208-208c-26.51 0-48 21.49-48 48s21.49 48 48 48 48-21.49 48-48-21.49-48-48-48zM96 256c0-26.51-21.49-48-48-48S0 229.49 0 256s21.49 48 48 48 48-21.49 48-48zm12.922 99.078c-26.51 0-48 21.49-48 48s21.49 48 48 48 48-21.49 48-48c0-26.509-21.491-48-48-48zm294.156 0c-26.51 0-48 21.49-48 48s21.49 48 48 48 48-21.49 48-48c0-26.509-21.49-48-48-48zM108.922 60.922c-26.51 0-48 21.49-48 48s21.49 48 48 48 48-21.49 48-48-21.491-48-48-48z\"><\/path><\/svg>\t\t\t<\/span>\n\t\t\n\t\t\t\t<div class=\"e-load-more-anchor\" data-page=\"1\" data-max-page=\"5\" data-next-page=\"https:\/\/www.josefschule-gladbeck.de\/index.php\/wp-json\/wp\/v2\/pages\/87\/page\/2\/\"><\/div>\n\t\t\t\t<div class=\"elementor-button-wrapper\">\n\t\t\t<a href=\"#\" class=\"elementor-button-link elementor-button\" role=\"button\">\n\t\t\t\t\t\t<span class=\"elementor-button-content-wrapper\">\n\t\t\t\t\t\t\t\t\t<span class=\"elementor-button-text\">\u00c4ltere Beitr\u00e4ge laden<\/span>\n\t\t\t\t\t<\/span>\n\t\t\t\t\t<\/a>\n\t\t<\/div>\n\t\t\t\t<div class=\"e-load-more-message\"><\/div>\n\t\t\t\t\t\t<\/div>\n\t\t\t\t<\/div>\n\t\t\t\t\t<\/div>\n\t\t\t\t<\/div>\n\t\t\t\t<\/div>\n\t\t","protected":false},"excerpt":{"rendered":"<p>Wir sind eine katholische Grundschule im Gladbecker Stadtteil Rentfort. Viel Spa\u00df beim Entdecken auf unserer Website! Unter der Raupe finden Sie aktuelle Meldungen aus dem B\u00fcro.\u00a0<\/p>\n","protected":false},"author":2,"featured_media":0,"parent":0,"menu_order":0,"comment_status":"closed","ping_status":"closed","template":"","meta":{"footnotes":""},"class_list":["post-87","page","type-page","status-publish","hentry"],"_links":{"self":[{"href":"https:\/\/www.josefschule-gladbeck.de\/index.php\/wp-json\/wp\/v2\/pages\/87","targetHints":{"allow":["GET"]}}],"collection":[{"href":"https:\/\/www.josefschule-gladbeck.de\/index.php\/wp-json\/wp\/v2\/pages"}],"about":[{"href":"https:\/\/www.josefschule-gladbeck.de\/index.php\/wp-json\/wp\/v2\/types\/page"}],"author":[{"embeddable":true,"href":"https:\/\/www.josefschule-gladbeck.de\/index.php\/wp-json\/wp\/v2\/users\/2"}],"replies":[{"embeddable":true,"href":"https:\/\/www.josefschule-gladbeck.de\/index.php\/wp-json\/wp\/v2\/comments?post=87"}],"version-history":[{"count":235,"href":"https:\/\/www.josefschule-gladbeck.de\/index.php\/wp-json\/wp\/v2\/pages\/87\/revisions"}],"predecessor-version":[{"id":2031,"href":"https:\/\/www.josefschule-gladbeck.de\/index.php\/wp-json\/wp\/v2\/pages\/87\/revisions\/2031"}],"wp:attachment":[{"href":"https:\/\/www.josefschule-gladbeck.de\/index.php\/wp-json\/wp\/v2\/media?parent=87"}],"curies":[{"name":"wp","href":"https:\/\/api.w.org\/{rel}","templated":true}]}}